t - 94 = 4*j. Suppose -24 = -2*x - 4*a, 4*a = -5*x - 0*x + t. What are the prime factors of x?
2, 3
Suppose 0 = -4*g + 7*g - 54. List the prime factors of ((-12)/g)/(4/(-42)).
7
Let c(v) = -v - 30. Let x(y) = y + 20. Let t(b) = -5*c(b) - 8*x(b). Let o be 28/(-3) - (-1)/3. What are the prime factors of t(o)?
17
Let z = -6 + 9. Suppose z*h = 4*n + 45, -7 = -3*h + 2*n + 38. List the prime factors of h.
3, 5
Let j(t) = 4*t**2 - 1. Let m be j(1). Suppose -5*s + 230 = 3*c + 2*c, m*c - 2*s - 158 = 0. What are the prime factors of c?
2, 5
Suppose -3*p - 3*y + 201 = 0, 2*p - 4*y = -2*p + 252. What are the prime factors of p?
5, 13
Let q = 7 - -18. What are the prime factors of q?
5
List the prime factors of ((-17)/(-3))/((-4)/(-12)).
17
Let o(l) = -4*l + 8. Let n(r) = -4*r + 7. Let h = -8 - -5. Let u(v) = h*n(v) + 2*o(v). List the prime factors of u(5).
3, 5
Let h = -6 - -8. Suppose 10 = 3*w + w + h*t, 0 = w - 2*t + 10. Suppose w = -5*o + 23 + 12. List the prime factors of o.
7
Let u = -5 - 11. What are the prime factors of (-12)/14*(2 + u)?
2, 3
Let b be (-12)/16 + (-22)/(-8). Suppose -17 = u - 5*h, 3*u = 4*u + b*h - 11. Suppose u*o - 2*o = 5. List the prime factors of o.
5
Suppose -2*w = 9 + 5. Let r = w + 15. List the prime factors of r.
2
What are the prime factors of (-243)/(-7) + 12/42?
5, 7
Let r be (-4)/(-6) + (-35)/(-15). Let f be 8/r*(-18)/(-12). What are the prime factors of -5 - (2 - f) - -18?
3, 5
Let o = 427 - 191. What are the prime factors of o?
2, 59
Suppose 8 = 5*t - i, -4*t + 0*i - 5*i = 11. Let g be t/(1/(-3))*-7. Suppose -1 = 4*o + 3, 3*o - g = -4*s. List the prime factors of s.
2, 3
Let d(s) = -s**3 - 4*s**2 - 3*s. Let a be d(-5). Suppose -3*o + 3*t = -39, 3*o + 3*t - a - 17 = 0. List the prime factors of o.
2
List the prime factors of ((18/(-21))/(-1))/((-2)/(-84)).
2, 3
Suppose 0 = -4*g + 2 + 18. List the prime factors of g.
5
What are the prime factors of 32*(0 - (-4 + 3))?
2
Let g = 2 + -1. Let d be (1/1)/(g/2). What are the prime factors of d/(-2)*-1 - -5?
2, 3
Suppose m - 184 = -m. What are the prime factors of m?
2, 23
Suppose 164 = 14*i - 144. What are the prime factors of i?
2, 11
Let n be ((-25)/15)/((-3)/(-36)). List the prime factors of n/(-2)*(-3)/(-2).
3, 5
Suppose 5*i = -29 + 164. Suppose 3 = -2*y + i. Suppose y + 9 = 3*b. What are the prime factors of b?
7
Let l = -27 - -3. Let q be 2*(-13)/4*2. Let t = q - l. List the prime factors of t.
11
Suppose 2*q - 7*q = -10. Suppose 4*m + 4*p = 84, -q*m - 2*p = 3*p - 39. What are the prime factors of 4/m + 608/44?
2, 7
Suppose 5*j - 45 = -0*j. Let n be -1 - j - (2 + -2). List the prime factors of 2/n + (-205)/(-25).
2
Suppose 11*f = 705 + 868. List the prime factors of f.
11, 13
Let o be ((-1 + 1)/(-3))/(-1). Suppose -4*y + o*y = -12. Suppose -b + 6 = y. List the prime factors of b.
3
List the prime factors of -1*2/(-2)*(-13 - -302).
17
Suppose 0*t = -5*t + 25. Let l = 9 - t. Suppose l*y - 2*y - 4*w - 2 = 0, 21 = y + 3*w. List the prime factors of y.
3
Suppose 4*n = 5*w + 7, -3*n + n + 4*w = -8. List the prime factors of 116/14 + n/7.
2
Suppose -5*b = 2*y - 55, -3*y - 5 = -4*y. Let g = 26 - b. What are the prime factors of g?
17
Suppose -q = 3*q + m + 25, m = q + 5. Let n be (-12)/(-8)*(-56)/q. What are the prime factors of 316/28 - 4/n?
11
Let k(x) = 5*x**2 + 16*x - 8. What are the prime factors of k(5)?
197
What are the prime factors of (-204)/(-28) - (-4)/(-14)?
7
Suppose 10*p = 11*p - 17. List the prime factors of p.
17
Suppose 0 = 3*h - 85 - 53. List the prime factors of h.
2, 23
Let u be 1/(-2)*1*-40. Suppose y + 4*y - u = 0. What are the prime factors of y?
2
Let s(t) = t**2 - t + 76. Let m be s(0). Suppose -4*l + m = -8. What are the prime factors of l?
3, 7
Let s(i) = -5*i + 1. Let b be s(1). Let m be 6/4*b/6. What are the prime factors of m*(-2 + (-8 - 1))?
11
Suppose -3*o + 5*m = -73, -2*o = 2*o - 4*m - 84. Let p = o + -11. What are the prime factors of p?
5
Suppose 2*t = 7*t + 180. What are the prime factors of (t/10)/(27/(-180))?
2, 3
Let a(u) = -2*u + 12. List the prime factors of a(-17).
2, 23
Let q(p) = p**2 - 4*p - 4. List the prime factors of q(-4).
2, 7
What are the prime factors of 5/((-15)/(-6)) + 83/1?
5, 17
Let v(f) be the first derivative of f**2 - 6*f + 3. What are the prime factors of v(4)?
2
Let g(i) = 4*i - 5. What are the prime factors of g(8)?
3
List the prime factors of -3 - (-11 - (-3 - -4)).
3
Suppose 0 = 2*z + 6. Let l(v) = 50*v**2 + 0*v**3 - 2*v**3 + 4*v - 53*v**2. What are the prime factors of l(z)?
3, 5
Suppose 4*i - 6 - 2 = 0. Suppose 92 = 5*m + 4*a, 3*a - 14 = -i*m + m. What are the prime factors of m?
2, 5
Let w(q) = -101*q**3 - 3*q**2 - 2*q. What are the prime factors of w(-1)?
2, 5
Let c = 35 + -18. What are the prime factors of c - 2*(-3)/(-2)?
2, 7
Suppose 4*b + b = 30. Let l = b - -11. What are the prime factors of l?
17
Let i be 5/(-4)*20/1. Let l = 42 + i. List the prime factors of l.
17
Let t(g) = -37*g**3 - g**2 + 1. What are the prime factors of t(-1)?
37
Suppose 84 = 4*s - 2*d, 3*s - 3*d = 4*s - 21. Suppose 5*l + 1 = s. Suppose 40 = l*m + u + u, 3*m - 3*u - 30 = 0. What are the prime factors of m?
2, 5
Suppose -z - 4 = -2*j, -5*z - 9 = 3*j + 11. What are the prime factors of 1*112/(0 - z)?
2, 7
What are the prime factors of (-280)/(-15) - (-1)/(-6)*-2?
19
Let w(l) = l**2 - 5*l + 6. Let t be w(8). Suppose -5*o + 0*o = -t. List the prime factors of o.
2, 3
Let j(u) be the third derivative of u**4/24 + 2*u**3/3 + 7*u**2. Let m(p) = p**2 - 8*p + 8. Let k be m(8). What are the prime factors of j(k)?
2, 3
What are the prime factors of (-2 - -1)/(6/(-150))?
5
Let m = 25 + -13. Let b = 4 - 7. What are the prime factors of (4 + b - 1) + m?
2, 3
Suppose 0 = v - 14 + 2. Suppose -4*d - 2*i - 2 = 0, 4*i - 2*i + v = d. Suppose 3*m = -d*m + 60. What are the prime factors of m?
2, 3
Suppose 7 + 1 = 2*j + 4*p, 0 = -j - 4*p. Let t = j + 9. What are the prime factors of t?
17
What are the prime factors of 81 + 12/(-5 + 2) + 4?
3
Let g = -21 - -20. What are the prime factors of 1 + 29 + -3 + g?
2, 13
Let w(b) = -b**3 + 9*b**2 - 8*b + 7. Let v be w(6). Suppose 3*m - 71 = v. Suppose -17 = -q + 3*z, q - z = -3*q + m. What are the prime factors of q?
11
Suppose -28 = f + 2*t - 7*t, t = f + 8. Let b be -1 + (f + 3 - -1). Suppose 4*w - 2*n - 26 - 10 = b, -4*w = 2*n - 28. List the prime factors of w.
2
Let u be 5 - 3 - (-1 + -162). Suppose 0*n - 5*n = -u. Let i = -23 + n. List the prime factors of i.
2, 5
Let c be 3 + -1 + 4 + -4. Suppose -c*l = 5*i + 7 - 23, -5*l + 5*i + 75 = 0. What are the prime factors of l?
13
Let b = 1 - -1. Suppose b*i - 18 = -0*n - 2*n, -5*n = -4*i - 54. What are the prime factors of n?
2, 5
Let f = -8 + 5. Let j be (f/(-2))/(5/30). Suppose l = j + 4. What are the prime factors of l?
13
Let o be 2/(-5) - 64/(-10). Suppose -2*i + o*i = 24. Suppose 2*w - 37 = -3*b, 2*w + i = b - 1. What are the prime factors of b?
11
Let g(u) be the third derivative of -u**6/120 + 3*u**5/20 + u**4/24 + u**3 + 2*u**2. List the prime factors of g(9).
3, 5
Let p(z) = z**2 - 6*z + 7. Let s be p(5). Suppose 0 = s*f - 6*f + 40. What are the prime factors of f?
2, 5
Let r be 24/(-3)*-5*1. Let k = r + -21. List the prime factors of k.
19
Suppose 64 = 5*c - 16. Suppose v = c - 1. What are the prime factors of v?
3, 5
Let f be ((-126)/(-4))/(1/2). Suppose -4*s + 88 = 4*q, -s + f = 2*s + 2*q. Suppose -5 = -2*x + w + s, 0 = 3*x - w - 36. What are the prime factors of x?
2, 3
Let b = 50 + 12. What are the prime factors of b?
2, 31
Let g = 592 - 351. List the prime factors of g.
241
Let w(d) = 4*d - 2. Let z be -4 - 0 - (-2 + 2). Let c = z + 6. What are the prime factors of w(c)?
2, 3
Let x = -14 + 25. List the prime factors of x.
11
Let i be (-7 - -5)/(4/34). Let r = 28 + i. What are the prime factors of r?
11
Suppose g = -4*g + 15. Suppose -39 = -2*q - g. Suppose o - q = -2*o. What are the prime factors of o?
2, 3
Suppose -96 = 5*l - 6*l - 2*q, -404 = -4*l - 3*q. What are the prime factors of l?
2, 13
Suppose 0 = 5*v - 16 - 9. Suppose 0 = 3*d + u - 2, v*d + 4*u - 7 = 1. Let z = 16 + d. List the prime factors of z.
2
Suppose 4*h - 3*p - 14 = 15, 3*h + 2*p - 26 = 0. Let v(w) = -w**3 + 8*w**2 + w - 11. Let q be v(h). What are the prime factors of 11 + -2